 (-9 - -4) + -8 + 10.
9
What is the value of 45 + (-20 - 26) + -8 + (3 - 1)?
-7
What is the value of (-12 - -24) + -11 - 23?
-22
What is -17 + (-9 - (-4 + -4)) + 37?
19
What is (-22 - -16) + 5 + (-1 - (-2 + 0))?
0
-2 - 0 - (135 - 149) - -11
23
-16 + (11 - 18 - -3) - -20
0
What is the value of 37 + (-127 - -38 - -33)?
-19
Evaluate (9 - (20 + -19)) + -8.
0
Calculate -1 + (6 - (14 + -9) - (0 - -1)).
-1
(-62 - -60) + (2 - -15)
15
Calculate -5 - (-2 - (19 + -4) - 1).
13
-4 + -2 - 1 - ((7 - 1) + -2)
-11
Evaluate (-103 - -111 - (12 + 0)) + (-1 - -2).
-3
Calculate -1 + 2 - -15 - (344 + -338).
10
29 + 17 + -66 + 10
-10
6 - 20 - -30 - -7
23
What is the value of 2 - (-1 - -5) - (1 + (12 - 15))?
0
Calculate (3 - 5) + 0 - -12 - (15 + -8).
3
What is the value of 0 + (-2 + 3 + 9 - 3) - 16?
-9
What is (21 - (-9 + 12)) + -29?
-11
Calculate -6 + (-15 - -9 - (0 - 10)) + 1.
-1
What is the value of -5 + 24 + -3 + -17 + -1 + 0?
-2
Calculate -21 + 36 + -50 - -12.
-23
Calculate 14 + (11 - 15) + -1.
9
Evaluate (-14 - (-28 + -1)) + -1 + 14.
28
What is the value of -6 + 14 + -6 + 2 + (-3 - -3)?
4
Calculate -2 + 1 + ((15 - 5) + -4 - -4).
9
-2 + (21 - -7) - (-37 - -37)
26
(2 - 11) + (16 - 7) - -3
3
34 - 28 - (2 + (-4 - -2)) - -6
12
What is -7 + -1 - (-8 + (-3 - -9))?
-6
What is the value of (-15 - 0) + -12 + 2 + 16?
-9
-3 + 1 - (435 + -436)
-1
What is the value of -2 - (1 - 1) - (10 - 26)?
14
What is the value of 10 + -7 + -2 + 3 + 6?
10
Evaluate -2 - ((4 - (-4 - (2 + -21))) + -8).
17
(17 - (-23 + 15)) + -31
-6
-23 + ((-19 - -38) + -21 - (-1 - -7))
-31
What is the value of (-12 - -4) + 2 + -5 + 10?
-1
-63 - -67 - (5 - (15 - 0))
14
Calculate (-14 - 0) + 16 + (-13 - -1).
-10
Evaluate (29 - 22) + 29 - 13.
23
Calculate 1 + (-1 - 2) + 25 + -22.
1
-24 - -30 - (-1 - 5)
12
-9 + -3 + 1 + 4
-7
What is -39 + (-3 - -19 - -15)?
-8
Evaluate (24 - ((4 - 17) + 5 + 6)) + -4.
22
7 + 10 + (-8 + 4 - -5) - 7
11
-54 + 52 - (7 + (5 - 1))
-13
Evaluate (-11 - -32) + -15 + (6 - -1).
13
-3 + (-13 - (9 - (4 + 9)))
-12
What is the value of (6 - (-15 + 12 - -14)) + -24?
-29
What is (-3 - -14 - -1) + -4?
8
Evaluate 2 - 6 - 1 - (9 - (-18 + 22)).
-10
13 + 6 + 4 + -22 + 5
6
-27 - 3 - (31 - 55)
-6
Calculate (3 - -1) + -3 + (1 - (5 + -1)).
-2
Evaluate -6 + (5 - (-14 - -8)) + 14 + -5.
14
What is the value of (6 + -25 - -22) + (-1 - 4 - 1)?
-3
What is 7 - (-1 - -1) - 0 - (-5670 + 5650)?
27
What is the value of -1 + 1 + -3 + 1 + 5 + -4?
-1
What is 0 - -1 - (0 - 24) - (6000 - 5997)?
22
Calculate 5 - 1 - ((4 - 8) + -7 + 8).
7
Calculate (0 - -24 - 13) + -18.
-7
What is 5 + (-4 - (2 - 18))?
17
What is the value of 1 + -21 - (-36 - (-5 + -14) - -26)?
-29
What is the value of 7 + (-6 - -3) - ((-4 - 1) + -1)?
10
What is the value of 5 + (15 + -39 - -29)?
10
What is the value of (15 - (-7 - -10 - 0)) + -10?
2
What is the value of (-2 - 0) + ((-16 - -37) + 33 - 24)?
28
What is 32 + 14 + -7 + -27?
12
Calculate -30 + 11 + (-14 - -6) + 13.
-14
Calculate -15 - (0 + 9 + -5 + -1).
-18
-18 + 11 + (5 - (1 - 1)) - -19
17
What is -4 + (-9 - (1 - 24)) + -5?
5
Evaluate -13 - ((6 - (6 + 6)) + -5 - -12).
-14
-4 + (-21 + 13 - (-2 + -4)) - 0
-6
Evaluate 3 - -3 - -11 - -5.
22
What is the value of -16 - (-18 - -3) - (4 - -23)?
-28
What is (-32 + 13 - -6) + -7 + 21?
1
(-2 - (1 + (4 - 1) + -7)) + -5
-4
-52 - -8 - (31 - 82)
7
4 - ((7 - (11 + 6)) + 9) - 19
-14
What is the value of 33 - 28 - (3 - 2 - (6 - 0))?
10
Calculate (-49 - (5 - 31)) + 2 + 0.
-21
Calculate (34 - 46) + 7 + 11.
6
What is the value of -1 + -1 + -7 + (71 + -19 - 15)?
28
Calculate 17 + -25 + -5 - (-2 - -1).
-12
Evaluate 2 + 6 + (-21 - -17) + -14 + 4.
-6
(2 - (-5 + 5 + 3)) + -4
-5
Evaluate -9 + -152 + 139 + 1 + -8.
-29
What is 16 + 11 + (-15 - (-6 - -3))?
15
Calculate -1 - (-1 + -4 - ((0 - 3) + -4)).
-3
What is the value of (47 - 55) + (-6 - -1 - 2)?
-15
What is the value of -17 + 6 + 36 + -27?
-2
What is -20 - -14 - (-3 - 0 - -8 - 9)?
-2
-4 + 1 + (4 - 19 - (-3 - 1))
-14
What is the value of 20 + -27 + -7 + 3 + -1?
-12
2 + -19 - (21 + -22 + 2 + 1)
-19
What is -1 + 7 + -10 + (-4 - -4)?
-4
What is -14 - (-20 - -12) - -3?
-3
Calculate -8 + (2 - -8) - (1 + 1).
0
What is the value of 16 + -22 - (4 + 0)?
-10
What is the value of (18 - 6) + -19 + (17 - -1)?
11
What is the value of 27 - 1 - (-9 + 18) - (2 + -2)?
17
Evaluate 2 + 6 + -1 + 22 + -14.
15
What is (6 - -1) + 13 + (-9 - (-4 + 0))?
15
(-1 - 6) + (-10 - -25)
8
What is the value of 9 - ((-5 - (5 - 27)) + 1)?
-9
(-2 - (-5 + (8 - 4))) + -30 + 24
-7
(-176 - -159) + 2 + 21
6
What is the value of 1 + -8 + 16 + -5 + 23 + -2?
25
What is the value of (-1 - 0 - (21 - 31)) + -2 + 9?
16
Calculate 2 + 1 + -3 + 77 + -63 - 4.
10
(-7 - -41) + -21 + 13
26
Calculate 9 - (2 + -21 + -41 + 52).
17
What is -20 + 12 + (-24 + 22 - (-2 + -26))?
18
1 - ((-4 - -8) + 2 - -19) - -6
-18
Evaluate 13 - (10 + -1 + 5) - 18.
-19
Evaluate -38 - (23 + 42 + -116).
13
Calculate -3 - (57 + -43 - (1 - 2)).
-18
Evaluate -5 + (10 - (3 + -4 - 11)).
17
What is the value of -4 + 1 - ((34 - 10) + -16)?
-11
Evaluate (116 - 63) + -67 - (-1 + 10).
-23
What is (-21 - -4) + 4 + -2 + -2?
-17
What is the value of -4 - -7 - (41 - 43) - (25 + -1)?
-19
What is the value of 26 + -47 + -33 + 29?
-25
Calculate 7 + (10 - 18) + -2.
-3
Evaluate 9 + (-39 - -4) + (-5 - (15 - 15)).
-31
8 - 13 - ((10 - 7) + 1 + -18)
9
9 + 2 - (22 + (-47 - -48))
-12
What is 157 + -160 + -1 + 32 - 11?
17
Evaluate -15 - (23 + -57) - 5.
14
(-1 - -16) + (-13 - -2) - (1 - 3)
6
Calculate 6 - (-13 + 10 + -3).
12
What is the value of -6 + 3 + 1 + 19 + -7 - 5?
5
-2 - 3 - -13 - (-18 - -26)
0
What is the value of 8 - (4 - -7) - -17?
14
What is (-2 - (-4 + 6 + -9)) + (1 - 26)?
-20
What is the value of (-4 - -3) + 2 + (4 - -5) - 8?
2
Calculate -20 + (-2 - -21) + -7.
-8
Evaluate -6 - (-4 - (1 + (-8 - -1) + 0)).
-8
What is the value of 9 - (0 - -16 - -6)?
-13
(-2 - -2) + (2 + 10 - 4)
8
Evaluate -9 - (13 + (13 - 26)) - -30.
21
Calculate -7 - ((-19 - -1 - -19) + -6).
-2
What is the value of (-2 - -13) + (4 - (-26 + 24))?
17
What is the value of -39 + (-8 - -85) + -26?
12
Evaluate 15 - (-7 + 11 + 1 + 7).
3
Evaluate (-4 - -11) + (13 - 18).
2
What is the value of -4 + -1 + 0 - (34 + -44 - -12)?
-7
9 + 2 + (3 - 3) + (32 - 49)
-6
What is 8 - (0 + 2 + (16 - 15) + -2)?
7
Evaluate 20 + -2 - (7 - ((6 - 4) + -1)).
12
Calculate 10 - (-6 - ((11 - 7) + -15)).
5
-160 + 173 + (-16 - 0)
-3
22 - (-13 + 17) - 11
7
Calculate 23 + (-11 - -16 - 12).
16
Evaluate 3 - (19 + 9 + -19 - (18 + 0)).
12
Calculate -5 + 1 + 23 + -19.
0
What is the value of 17 + -4 - 17 - (-3 - -1 - 2)?
0
What is the value of -2 + (17 - (11 - 6 - -20))?
-10
What is the value of (34 - -1) + (-22 - (22 + -20) - -14)?
25
What is -155 - -154 - (11 - -1)?
-13
Evaluate -8 + 4 + -3 - (9 + -18).
2
Evaluate 73 + -27 + -21 + -37.
-12
Calculate -12 + -58 + 106 + (-8 - 0).
28
Evaluate -4 + 14 - (17 - (-9 + (-6 - -9))).
-13
Calculate -5 - (15 + -6 - 18).
4
Calculate (1 - -1) + (21 - (-8 - -11) - 2).
18
39 - (6 + -40 + 39)
34
Evaluate 21 + 8 + -1 + -67 + 55.
16
Evaluate (-12 - -3) + 2 + (-13 - (-2 + -24)).
6
Evaluate 4 - (2 + 4 + 1 + (-5 - -3)).
-1
Calculate -5 + 8 + -37 + 8 - -8.
-18
What is 1 + -1 + -15 + (30 - (-1 + 13))?
3
Calculate (0 - 12) + -12 + 21.
-3
Evaluate (-14 - (-28 + 10 + -6)) + 11.
21
Calculate 33 + 0 + (-551 - -537).
19
Evaluate (4 - -2) + -27 + 10.
-11
What is 27 + -30 + -24 - -11?
-16
Calculate (-83 - -82) + (4 - 4 - (2 + -1)).
-2
What is the value of -10 + -10 + 5 + 6 + -4 + -13?
-26
What is the value of (-5 - -18) + (40 + -54 - -26)?
25
Calculate 10 + 3 + (-10 - (9 - -15)).
-21
1 + (2 - 1) - (44 + 3 - 63)
18
Calculate 14 + -18 - ((5 - 2) + -2).
-5
Calculate (1 - (12 - 20 - -18)) + -6.
-15
6 - ((-15 - -3) + 27 - 10)
1
What is the value of -11 - 1 - (-27 + (35 - 15)) - -20?
15
What is the value of -4 + 4 + (1 - (-4 - 4))?
9
What is (107 + -107 - (0 - (1 + -8))) + -10?
-17
Calculate -35 - -42 - (10 + -1).
-2
What is 0 - 11 - 24 - (-16 - (-1 - 5))?
-25
What is the value of -18 + (1 - 5) + 49 + -42 + 3?
-12
What is the value of -33 + (22 - (11 + -5))?
-17
Evaluate 0 + -1 + 0 + -1 + (-3 - -5).
0
What is 25 - (285 + -278 + -1 + 13)?
6
Calculate -221 - -199 - (-4 - 18).
0
Calculate (2 - (4 + -2)) + (-23 - -28) - 6.
-1
Evaluate (14 - 1 - (58 - 37)) + 23.
15
What is 25 - 